{"id":392,"date":"2021-12-04T18:24:54","date_gmt":"2021-12-04T17:24:54","guid":{"rendered":"https:\/\/ceciliacolacrai.com\/?page_id=392"},"modified":"2021-12-05T20:57:46","modified_gmt":"2021-12-05T19:57:46","slug":"azul-como-uma-laranja","status":"publish","type":"page","link":"https:\/\/ceciliacolacrai.com\/eng\/azul-como-uma-laranja\/","title":{"rendered":"Azul como uma laranja"},"content":{"rendered":"<h2 class=\"wp-block-heading\"><strong>Azul como uma laranja<\/strong><br>Cecilia Colacrai \/ Jo\u00e3o Costa Lima<br><sup><sub>(2009)<\/sub><\/sup><\/h2>\n\n\n\n<div class=\"wp-block-image is-style-default\"><figure class=\"aligncenter size-full\"><img loading=\"lazy\" decoding=\"async\" width=\"700\" height=\"350\" src=\"http:\/\/nuevo.ceciliacolacrai.com\/wp-content\/uploads\/2021\/12\/slider-04.jpg\" alt=\"\" class=\"wp-image-371\" srcset=\"https:\/\/ceciliacolacrai.com\/wp-content\/uploads\/2021\/12\/slider-04.jpg 700w, https:\/\/ceciliacolacrai.com\/wp-content\/uploads\/2021\/12\/slider-04-300x150.jpg 300w\" sizes=\"auto, (max-width: 700px) 100vw, 700px\" \/><figcaption>photography: D\u00e9bora Tenenbaum<\/figcaption><\/figure><\/div>\n\n\n\n<hr class=\"wp-block-separator\"\/>\n\n\n\n<p>Cecilia Colacrai and Jo\u00e3o Lima begin their meetings in <a href=\"https:\/\/lacaldera.info\/\" target=\"_blank\" rel=\"noreferrer noopener\">La Caldera<\/a> (November 2008), observing their common interests and the realities and concerns of each one. They look for a way of approaching and developing a working methodology.<\/p>\n\n\n\n<p>From the reading of the space, the decisions (their triggers and consequences), the actions carried out and the description of a point\/object, the possibilities of fictionalisation open up. They then turn their attention to the creation of a language of their own.<\/p>\n\n\n\n<p>The title of the piece refers to a verse by the French poet Paul \u00c8luard, 'La terre est bleue comme une orange' and reveals an interesting paradox about language.<\/p>\n\n\n\n<p>Through a technical residency at La Caldera (February 2009) the process comes to completion, with the participation of musician Miguel Mar\u00edn and lighting designer Xavi Mu\u00f1oz.<\/p>\n\n\n\n<p>More information at <a rel=\"noreferrer noopener\" href=\"https:\/\/azulcomoumalaranja.wordpress.com\/\" target=\"_blank\">azulcomoumalaranja.wordpress.com<\/a><\/p>\n\n\n\n<figure class=\"wp-block-image size-full\"><img loading=\"lazy\" decoding=\"async\" width=\"1024\" height=\"680\" src=\"http:\/\/nuevo.ceciliacolacrai.com\/wp-content\/uploads\/2021\/12\/fondos-web-ceci-06.jpg\" alt=\"\" class=\"wp-image-376\" srcset=\"https:\/\/ceciliacolacrai.com\/wp-content\/uploads\/2021\/12\/fondos-web-ceci-06.jpg 1024w, https:\/\/ceciliacolacrai.com\/wp-content\/uploads\/2021\/12\/fondos-web-ceci-06-300x199.jpg 300w, https:\/\/ceciliacolacrai.com\/wp-content\/uploads\/2021\/12\/fondos-web-ceci-06-768x510.jpg 768w\" sizes=\"auto, (max-width: 767px) 89vw, (max-width: 1000px) 54vw, (max-width: 1071px) 543px, 580px\" \/><figcaption> photography: D\u00e9bora Tenenbaum <\/figcaption><\/figure>\n\n\n\n<hr class=\"wp-block-separator\"\/>\n\n\n\n<p><strong>Artistic team<\/strong><br>Creation and performance: <strong>Cecilia Colacrai and Jo\u00e3o Costa Lima<\/strong><br>Music: <strong>Miguel Mar\u00edn<\/strong><br>Light design: <strong>Xavier Mu\u00f1oz<\/strong><br>Light and sound technician:&nbsp;<strong>Pablo (Mo) Ram\u00edrez<\/strong><br>Photography and design: <strong>D\u00e9bora Tenenbaum<\/strong><br>Video: <strong>Anna Brufau<\/strong><br>Special thanks to: <strong>La Caldera, Cia. Lapsus, Alexis, Mo, Mari, Cristina, N\u00faria Bernaus, Gustavo Llesgart, Sara<\/strong><br>With the support of: <strong>La Caldera and Conca<\/strong><\/p>","protected":false},"excerpt":{"rendered":"<p>Azul como uma laranjaCecilia Colacrai \/ Jo\u00e3o Costa Lima(2009) Cecilia Colacrai y Jo\u00e3o Lima comienzan sus encuentros en La Caldera (noviembre 2008), observando los intereses en com\u00fan y las realidades e inquietudes de cada uno. Buscan una forma de abordar y desarrollar una metodolog\u00eda de trabajo. A partir de la lectura del espacio, las decisiones &hellip; <\/p>\n<p class=\"link-more\"><a href=\"https:\/\/ceciliacolacrai.com\/eng\/azul-como-uma-laranja\/\" class=\"more-link\">Continue reading<span class=\"screen-reader-text\"> \u00abAzul como uma laranja\u00bb<\/span><\/a><\/p>","protected":false},"author":1,"featured_media":0,"parent":0,"menu_order":0,"comment_status":"closed","ping_status":"closed","template":"","meta":{"footnotes":""},"class_list":["post-392","page","type-page","status-publish","hentry"],"_links":{"self":[{"href":"https:\/\/ceciliacolacrai.com\/eng\/wp-json\/wp\/v2\/pages\/392","targetHints":{"allow":["GET"]}}],"collection":[{"href":"https:\/\/ceciliacolacrai.com\/eng\/wp-json\/wp\/v2\/pages"}],"about":[{"href":"https:\/\/ceciliacolacrai.com\/eng\/wp-json\/wp\/v2\/types\/page"}],"author":[{"embeddable":true,"href":"https:\/\/ceciliacolacrai.com\/eng\/wp-json\/wp\/v2\/users\/1"}],"replies":[{"embeddable":true,"href":"https:\/\/ceciliacolacrai.com\/eng\/wp-json\/wp\/v2\/comments?post=392"}],"version-history":[{"count":0,"href":"https:\/\/ceciliacolacrai.com\/eng\/wp-json\/wp\/v2\/pages\/392\/revisions"}],"wp:attachment":[{"href":"https:\/\/ceciliacolacrai.com\/eng\/wp-json\/wp\/v2\/media?parent=392"}],"curies":[{"name":"wp","href":"https:\/\/api.w.org\/{rel}","templated":true}]}}

<h2 class="wp-block-heading"><strong>Azul como uma laranja</strong><br>Cecilia Colacrai / João Costa Lima<br><sup><sub>(2009)</sub></sup></h2>



<div class="wp-block-image is-style-default"><figure class="aligncenter size-full"><img loading="lazy" decoding="async" width="700" height="350" src="http://nuevo.ceciliacolacrai.com/wp-content/uploads/2021/12/slider-04.jpg" alt="" class="wp-image-371" srcset="https://ceciliacolacrai.com/wp-content/uploads/2021/12/slider-04.jpg 700w, https://ceciliacolacrai.com/wp-content/uploads/2021/12/slider-04-300x150.jpg 300w" sizes="auto, (max-width: 700px) 100vw, 700px" /><figcaption>photography: Débora Tenenbaum</figcaption></figure></div>



<hr class="wp-block-separator"/>



<p>Cecilia Colacrai and João Lima begin their meetings in <a href="https://lacaldera.info/" target="_blank" rel="noreferrer noopener">La Caldera</a> (November 2008), observing their common interests and the realities and concerns of each one. They look for a way of approaching and developing a working methodology.</p>



<p>From the reading of the space, the decisions (their triggers and consequences), the actions carried out and the description of a point/object, the possibilities of fictionalisation open up. They then turn their attention to the creation of a language of their own.</p>



<p>The title of the piece refers to a verse by the French poet Paul Èluard, 'La terre est bleue comme une orange' and reveals an interesting paradox about language.</p>



<p>Through a technical residency at La Caldera (February 2009) the process comes to completion, with the participation of musician Miguel Marín and lighting designer Xavi Muñoz.</p>



<p>More information at <a rel="noreferrer noopener" href="https://azulcomoumalaranja.wordpress.com/" target="_blank">azulcomoumalaranja.wordpress.com</a></p>



<figure class="wp-block-image size-full"><img loading="lazy" decoding="async" width="1024" height="680" src="http://nuevo.ceciliacolacrai.com/wp-content/uploads/2021/12/fondos-web-ceci-06.jpg" alt="" class="wp-image-376" srcset="https://ceciliacolacrai.com/wp-content/uploads/2021/12/fondos-web-ceci-06.jpg 1024w, https://ceciliacolacrai.com/wp-content/uploads/2021/12/fondos-web-ceci-06-300x199.jpg 300w, https://ceciliacolacrai.com/wp-content/uploads/2021/12/fondos-web-ceci-06-768x510.jpg 768w" sizes="auto, (max-width: 767px) 89vw, (max-width: 1000px) 54vw, (max-width: 1071px) 543px, 580px" /><figcaption> photography: Débora Tenenbaum </figcaption></figure>



<hr class="wp-block-separator"/>



<p><strong>Artistic team</strong><br>Creation and performance: <strong>Cecilia Colacrai and João Costa Lima</strong><br>Music: <strong>Miguel Marín</strong><br>Light design: <strong>Xavier Muñoz</strong><br>Light and sound technician:&nbsp;<strong>Pablo (Mo) Ramírez</strong><br>Photography and design: <strong>Débora Tenenbaum</strong><br>Video: <strong>Anna Brufau</strong><br>Special thanks to: <strong>La Caldera, Cia. Lapsus, Alexis, Mo, Mari, Cristina, Núria Bernaus, Gustavo Llesgart, Sara</strong><br>With the support of: <strong>La Caldera and Conca</strong></p>

<p>Azul como uma laranjaCecilia Colacrai / João Costa Lima(2009) Cecilia Colacrai y João Lima comienzan sus encuentros en La Caldera (noviembre 2008), observando los intereses en común y las realidades e inquietudes de cada uno. Buscan una forma de abordar y desarrollar una metodología de trabajo. A partir de la lectura del espacio, las decisiones &hellip; </p>
<p class="link-more"><a href="https://ceciliacolacrai.com/eng/azul-como-uma-laranja/" class="more-link">Continue reading<span class="screen-reader-text"> «Azul como uma laranja»</span></a></p>
