{"id":25,"date":"2021-08-31T22:28:57","date_gmt":"2021-08-31T22:28:57","guid":{"rendered":"https:\/\/ceciliacolacrai.com\/?page_id=25"},"modified":"2022-11-21T16:13:52","modified_gmt":"2022-11-21T15:13:52","slug":"bio","status":"publish","type":"page","link":"https:\/\/ceciliacolacrai.com\/eng\/bio\/","title":{"rendered":"bio"},"content":{"rendered":"<p class=\"has-medium-font-size\"><strong>Cecilia Colacrai<\/strong>&nbsp; <em>(Argentina, 1979) <\/em><\/p>\n\n\n\n<figure class=\"wp-block-image size-large is-resized is-style-default\"><img loading=\"lazy\" decoding=\"async\" src=\"http:\/\/nuevo.ceciliacolacrai.com\/wp-content\/uploads\/2021\/11\/BB-SESAU_0210web\u00a9Tristan-Perez-Martin-1024x683.jpg\" alt=\"\" class=\"wp-image-106\" width=\"512\" height=\"342\" srcset=\"https:\/\/ceciliacolacrai.com\/wp-content\/uploads\/2021\/11\/BB-SESAU_0210web\u00a9Tristan-Perez-Martin-1024x683.jpg 1024w, https:\/\/ceciliacolacrai.com\/wp-content\/uploads\/2021\/11\/BB-SESAU_0210web\u00a9Tristan-Perez-Martin-300x200.jpg 300w, https:\/\/ceciliacolacrai.com\/wp-content\/uploads\/2021\/11\/BB-SESAU_0210web\u00a9Tristan-Perez-Martin-768x512.jpg 768w, https:\/\/ceciliacolacrai.com\/wp-content\/uploads\/2021\/11\/BB-SESAU_0210web\u00a9Tristan-Perez-Martin-1536x1024.jpg 1536w, https:\/\/ceciliacolacrai.com\/wp-content\/uploads\/2021\/11\/BB-SESAU_0210web\u00a9Tristan-Perez-Martin.jpg 1620w\" sizes=\"auto, (max-width: 512px) 100vw, 512px\" \/><\/figure>\n\n\n\n<p style=\"line-height:1\">Dancer, choreographer and dance teacher.<\/p>\n\n\n\n<p>Since 1996 she has been interested in researching different aspects of contemporary dance, improvisation, composition, choreography and other disciplines connected to movement and performing arts.<\/p>\n\n\n\n<p>In 1996 she graduated as a classical dance teacher from Escuela Provincial de Danzas Nigelia Soria, Rosario (Argentina) and continued her studies at Instituto Superior de danzas Isabel Taboga to become a contemporary dance teacher (1997 - 2000). At the same time, she was working with different companies as a maker and performer and was teaching contemporary dance in different venues of the city.<\/p>\n\n\n\n<p>In 2002 she moved to Barcelona where she continued her professional education with teachers such as Thomas Hauert, Alexis Eupierre, Mar\u00eda Mu\u00f1oz, Pep Ramis, David Zambrano, Gustavo Lesgart, Fabiana Caprioti, Lisa Nelson, Jeremy Nelson, Jo\u00e3o Fiadeiro, Kirstie Simson, \u00c0ngels Margarit, Lipi Hern\u00e1ndez, M\u00f3nica Extremiana, Lucas Condr\u00f3, among others.<\/p>\n\n\n\n<p>Currently and since 2012 she has been a member of the<strong>&nbsp;<\/strong><a rel=\"noreferrer noopener\" href=\"http:\/\/www.bigbouncers.info\/en\/2239-2\/\" target=\"_blank\"><strong>Big Bouncers Collective<\/strong><\/a>&nbsp;(together with Mireia de Querol and Anna Rubirola) with which she created pieces: <strong>Big Bounce<\/strong>&nbsp;(<em><strong>FAD Sebasti\u00e1 Gasch award Applause<\/strong>&nbsp;for emerging artists 2015<\/em>), <strong>Doppelg\u00e4nger<\/strong>&nbsp;(a performance created for the \u201cTom Carr. Echoes of Carles Bu\u00efgas\u201d exhibition); they directed&nbsp;<strong>I see<\/strong>&nbsp;<strong>a spider on the wall,&nbsp;<\/strong>a performance for the Pryzmat company (Poland); they investigated and created&nbsp;<em>site specific&nbsp;<\/em>works in different non-conventional spaces (MACBA, Festival Sismograf de Olot, Cerdanyola Museum, La Pedrera, among others);&nbsp;<strong>O.V.N.I<\/strong>(performance nominated for the&nbsp;<strong><em>Performing Arts Critics Awards<\/em><\/strong>&nbsp;2018), performance&nbsp;<strong>Acto Reflejo<\/strong>&nbsp;created in collaboration with students of the IES Mois\u00e8s Broggi secondary school within the frame of the EN RESiDENCIA 2018 project; their first piece for children <strong>Jungla&nbsp;<\/strong>was created in 2018 (supported by M\u00e9s Petit de tots Festival and Mercat de les Flors), following which they produced a dance film version of the performance titled <strong>Un d\u00eda en la Jungla<\/strong> directed by Laura Rubirola in 2020. <strong>Si estuvi\u00e9ramos solas en el Universo, ser\u00eda una gran p\u00e9rdida de espacio,&nbsp;<\/strong>is their last creation co-produced by Mercat de les Flors and presented in April 2019 within the frame of Big Bouncers Constellation. Currently, they are in the process of creating a new performance <strong>PLATA.<\/strong><br>Since the beginning, the collective has been combining creation with pedagogy, teaching composition and creation and offering workshops for families.<\/p>\n\n\n\n<p>She is currently also a member of the&nbsp;<a rel=\"noreferrer noopener\" href=\"https:\/\/www.grouplabolsa.com\/\" target=\"_blank\"><strong>Group La Bolsa<\/strong><\/a>&nbsp;(with Iris Heitzinger, Anna Rubirola, Mireia de Querol, Natalia Jimenez, Federica Porello and Xavi Moreno), with which they created&nbsp;<strong>The Measure of Disorder<\/strong>, directed by Thomas Hauert, premiered at the Grec Festival, Barcelona, in 2015 and performed at the Charleroi Danses Biennial, Belgium. In 2021 they premiered their second piece,&nbsp;<strong>Errant Portraits, <\/strong>in close collaboration with Mal Pelo company and supported by Mercat de les Flors.<\/p>\n\n\n\n<p>Since 2018 she has been collaborating with Joan Catal\u00e0 in his project&nbsp;<strong>5.100 m\/s, <\/strong>premiered<strong> <\/strong>in 2020-2021. She was nominated as the best female dancer at the <em><strong>Performing Arts Critics Awards<\/strong><\/em> 2021.<\/p>\n\n\n\n<p>As an independent artist, she collaborated with other creators: since 2018 with Jo\u00e3o Lima in pieces&nbsp;<a href=\"https:\/\/ceciliacolacrai.com\/eng\/azul-como-uma-laranja\/\" data-type=\"URL\" data-id=\"https:\/\/ceciliacolacrai.com\/azul-como-uma-laranja\/\"><strong>Azul como uma laranja<\/strong><\/a>&nbsp;and <strong>Morder la lengua<\/strong>among other performance and pedagogical projects; since 2019 with the Si Los Martes Fueran Viernes collective in their projects <strong>Enemigos \u00cdntimos and<\/strong> <strong>Casa Nostra<\/strong>, among other projects; in 2022 she started collaborating with Lucas Condr\u00f3; with dancer Mart\u00edn Piliponsky and musician Mat\u00edas Mahmud in an instant composition proposal&nbsp;<strong>Espacio latente<\/strong>; with Jorge Albuerne from 2006 till 2016, in dance-circus pieces&nbsp;<a href=\"https:\/\/ceciliacolacrai.com\/eng\/ultimo-el-baile\/\" data-type=\"URL\" data-id=\"https:\/\/ceciliacolacrai.com\/ultimo-el-baile\/\"><strong>Last, the dance<\/strong><\/a>&nbsp;and&nbsp;<a href=\"https:\/\/ceciliacolacrai.com\/eng\/gira\/\" data-type=\"URL\" data-id=\"https:\/\/ceciliacolacrai.com\/gira\/\"><strong>Gira<\/strong>&nbsp;<\/a>(with which they won the&nbsp;<em>\u201csection decouverte<\/em>award at the Festival de Rue de Ramonville \u201906); since 2009 she has been collaborating with the Finmatun Cultural Association, focusing on artistic activity as a tool for social work and transformation, currently she is part of the <strong>Festival Mit\u2019s<\/strong> organised by this association.<\/p>\n\n\n\n<p>As a solo artist, her first work&nbsp;<a href=\"https:\/\/ceciliacolacrai.com\/eng\/sola\/\" data-type=\"URL\" data-id=\"https:\/\/ceciliacolacrai.com\/sola\/\"><strong>Alone?<\/strong><\/a>&nbsp;was premiered in 2005 and performed at several festivals in Spain, France, Italy, Cuba, Mexico and Argentina. Her second solo work&nbsp;<a href=\"https:\/\/ceciliacolacrai.com\/eng\/la-incorruptible-belleza-de-la-distancia\/\" data-type=\"URL\" data-id=\"https:\/\/ceciliacolacrai.com\/la-incorruptible-belleza-de-la-distancia\/\"><strong>The incorruptible beauty of distance<\/strong><\/a>, December 2011, was created in collaboration with companies loscorderos and Nats Nus. In 2013 and 2014 she worked between Mexico, Argentina and Barcelona, teaching workshops and presenting her work at different venues and festivals. In 2022 she premiered her third solo creation, <a href=\"https:\/\/ceciliacolacrai.com\/eng\/rave\/\" target=\"_blank\" rel=\"noreferrer noopener\"><strong>R.A.V.E. (Revolutionary Agglomeration for Voluntary Extermination)<\/strong>, <\/a>co-produced by Mercat de les Flors. <\/p>\n\n\n\n<p>She collaborated with different directors and projects such as: <a href=\"https:\/\/www.teatrelliure.com\/es\/katharsis-presencia-i-alteritat\" target=\"_blank\" rel=\"noreferrer noopener\">Ciclo Katharsis \u2013 Presencia y Alteridad<\/a>directed by Martina Tosticarelli, Teatre Lliure (2021); Quim Bigas in <strong>La Llista<\/strong> (2021), Emmanuel Grivet (Francia) in his performances\u00a0<strong>Le Cube<\/strong>\u00a0(2009-2012) and\u00a0<strong>Faces<\/strong>\u00a0(2012); Toni Mira and the Finmatun Association in dance film projects in prisons (2009-2012); with the Nats Nus company in performance\u00a0<strong>Brins<\/strong>\u00a0and different events such as\u00a0<strong>Transforma-t<\/strong>\u00a0(inaugural performance of the Fira T\u00e1rrega 2013 Festival) and\u00a0<strong>100 a\u00f1os de La Pedrera<\/strong>\u00a0(2012) among others; with the choreographer Sebasti\u00e1n Garc\u00eda Ferro in\u00a0<strong>Orquestra\u2019t<\/strong>\u00a0at Auditori de la M\u00fasica de Barcelona (2012); with Montse Colom\u00e9 at different events such as the \u201cPremios Ciutat de Barcelona'' award ceremony (2012), Festes de la Merc\u00e9 (2010), also, with her and with Santi San Pere in the\u00a0<strong>L\u2019enigma<\/strong>\u00a0Project T6 by the Teatro Nacional de Catalunya (2010); with Grupo Rep\u00fablica C\u00eanica (Brasil) in performance\u00a0<strong>Post it<\/strong>\u00a0(2009). She was a member of the Lapsus company directed by Alexis Eupierre in productions\u00a0<strong>Vitrinas II and Vitrinas III<\/strong>\u00a0(2007-2008); she worked with Gabriela Solini as a performer and assistant choreographer (2004-2005), they were awarded at the Madrid Choreographic Competition 2004 for their piece\u00a0<strong>H\u00e1blame<\/strong>\u00a0and performed at the Channel Sur Festival (Latino American Dance in New York) in 2005; she performed in\u00a0<strong>The Wayne Brothers<\/strong>\u00a0piece by Donna Uchizono (2000), among others.<\/p>\n\n\n\n<p>As movement assistant she collaborated with: Jo\u00e3o Lima in<strong>&nbsp;O outro do outro<\/strong>&nbsp;(2010) and <strong>Cavalo do Cao<\/strong> (2021), Cia La S\u00fabita in <strong>Silver Ballad<\/strong> (2021), Producciones Viridiana in&nbsp;<strong>Cuando no me llueve encima me llueve dentro<\/strong>&nbsp;directed by Jes\u00fas Arbu\u00e9s (2010), Enfila\u2019t in <strong>Plecs<\/strong>&nbsp;(2010), among others.<\/p>\n\n\n\n<p>She co-directed companies such as <strong>Lila Parra<\/strong> (2006\u20132008) and <strong>Viento Sur<\/strong> (with which she was twice awarded the 2nd prize at the Madrid Choreographic Competition \u2013 2002 and 2003).<\/p>\n\n\n\n<p>She has been teaching contemporary dance, improvisation and choreographic composition classes since 1997 in Argentina and since 2002 in Barcelona and other cities in Europe and Latin America.<br>Currently, she is a member of the teaching teams at the <strong>Institut del Teatre de Barcelona<\/strong>, <strong>AREA<\/strong>, <strong>Moveo<\/strong> and in 2022 collaborates with <strong>Manufacture<\/strong>.<br>Since 2009 she has been part of the <strong>Sudansa <\/strong>project (dance in schools), and in 2017 and 2018 she was part of the <strong>Tot Dansa <\/strong>project (dance and creation project in secondary schools).<\/p>\n\n\n\n<p>Between 2011 and 2017 she was part of the board of directors of the <strong>Asociaci\u00f3n de Profesionales de la Danza de Catalu\u00f1a<\/strong> which awarded her with the <strong><em>Honorary Award<\/em><\/strong> in 2020 as a recognition of her work during her years in the board of directors.\nShe was an associated artist of <strong>La Caldera centre for creation<\/strong> and <strong>La Visiva space for movement.<\/strong>.<\/p>","protected":false},"excerpt":{"rendered":"<p>Cecilia Colacrai&nbsp; (Argentina, 1979) Bailarina, core\u00f3grafa y docente de danza. Desde el a\u00f1o 1996 se interesa en profundizar en diferentes aspectos de la danza contempor\u00e1nea, la improvisaci\u00f3n, la composici\u00f3n, la coreograf\u00eda y disciplinas relacionadas con el movimiento y las artes esc\u00e9nicas. En Rosario (Argentina) se titula como maestra de danza cl\u00e1sica en la Escuela Provincial &hellip; <\/p>\n<p class=\"link-more\"><a href=\"https:\/\/ceciliacolacrai.com\/eng\/bio\/\" class=\"more-link\">Continue reading<span class=\"screen-reader-text\"> \u00abbio\u00bb<\/span><\/a><\/p>","protected":false},"author":1,"featured_media":0,"parent":0,"menu_order":0,"comment_status":"closed","ping_status":"closed","template":"","meta":{"footnotes":""},"class_list":["post-25","page","type-page","status-publish","hentry"],"_links":{"self":[{"href":"https:\/\/ceciliacolacrai.com\/eng\/wp-json\/wp\/v2\/pages\/25","targetHints":{"allow":["GET"]}}],"collection":[{"href":"https:\/\/ceciliacolacrai.com\/eng\/wp-json\/wp\/v2\/pages"}],"about":[{"href":"https:\/\/ceciliacolacrai.com\/eng\/wp-json\/wp\/v2\/types\/page"}],"author":[{"embeddable":true,"href":"https:\/\/ceciliacolacrai.com\/eng\/wp-json\/wp\/v2\/users\/1"}],"replies":[{"embeddable":true,"href":"https:\/\/ceciliacolacrai.com\/eng\/wp-json\/wp\/v2\/comments?post=25"}],"version-history":[{"count":0,"href":"https:\/\/ceciliacolacrai.com\/eng\/wp-json\/wp\/v2\/pages\/25\/revisions"}],"wp:attachment":[{"href":"https:\/\/ceciliacolacrai.com\/eng\/wp-json\/wp\/v2\/media?parent=25"}],"curies":[{"name":"wp","href":"https:\/\/api.w.org\/{rel}","templated":true}]}}

<p class="has-medium-font-size"><strong>Cecilia Colacrai</strong>&nbsp; <em>(Argentina, 1979) </em></p>



<figure class="wp-block-image size-large is-resized is-style-default"><img loading="lazy" decoding="async" src="http://nuevo.ceciliacolacrai.com/wp-content/uploads/2021/11/BB-SESAU_0210web©Tristan-Perez-Martin-1024x683.jpg" alt="" class="wp-image-106" width="512" height="342" srcset="https://ceciliacolacrai.com/wp-content/uploads/2021/11/BB-SESAU_0210web©Tristan-Perez-Martin-1024x683.jpg 1024w, https://ceciliacolacrai.com/wp-content/uploads/2021/11/BB-SESAU_0210web©Tristan-Perez-Martin-300x200.jpg 300w, https://ceciliacolacrai.com/wp-content/uploads/2021/11/BB-SESAU_0210web©Tristan-Perez-Martin-768x512.jpg 768w, https://ceciliacolacrai.com/wp-content/uploads/2021/11/BB-SESAU_0210web©Tristan-Perez-Martin-1536x1024.jpg 1536w, https://ceciliacolacrai.com/wp-content/uploads/2021/11/BB-SESAU_0210web©Tristan-Perez-Martin.jpg 1620w" sizes="auto, (max-width: 512px) 100vw, 512px" /></figure>



<p style="line-height:1">Dancer, choreographer and dance teacher.</p>



<p>Since 1996 she has been interested in researching different aspects of contemporary dance, improvisation, composition, choreography and other disciplines connected to movement and performing arts.</p>



<p>In 1996 she graduated as a classical dance teacher from Escuela Provincial de Danzas Nigelia Soria, Rosario (Argentina) and continued her studies at Instituto Superior de danzas Isabel Taboga to become a contemporary dance teacher (1997 - 2000). At the same time, she was working with different companies as a maker and performer and was teaching contemporary dance in different venues of the city.</p>



<p>In 2002 she moved to Barcelona where she continued her professional education with teachers such as Thomas Hauert, Alexis Eupierre, María Muñoz, Pep Ramis, David Zambrano, Gustavo Lesgart, Fabiana Caprioti, Lisa Nelson, Jeremy Nelson, João Fiadeiro, Kirstie Simson, Àngels Margarit, Lipi Hernández, Mónica Extremiana, Lucas Condró, among others.</p>



<p>Currently and since 2012 she has been a member of the<strong>&nbsp;</strong><a rel="noreferrer noopener" href="http://www.bigbouncers.info/en/2239-2/" target="_blank"><strong>Big Bouncers Collective</strong></a>&nbsp;(together with Mireia de Querol and Anna Rubirola) with which she created pieces: <strong>Big Bounce</strong>&nbsp;(<em><strong>FAD Sebastiá Gasch award Applause</strong>&nbsp;for emerging artists 2015</em>), <strong>Doppelgänger</strong>&nbsp;(a performance created for the “Tom Carr. Echoes of Carles Buïgas” exhibition); they directed&nbsp;<strong>I see</strong>&nbsp;<strong>a spider on the wall,&nbsp;</strong>a performance for the Pryzmat company (Poland); they investigated and created&nbsp;<em>site specific&nbsp;</em>works in different non-conventional spaces (MACBA, Festival Sismograf de Olot, Cerdanyola Museum, La Pedrera, among others);&nbsp;<strong>O.V.N.I</strong>(performance nominated for the&nbsp;<strong><em>Performing Arts Critics Awards</em></strong>&nbsp;2018), performance&nbsp;<strong>Acto Reflejo</strong>&nbsp;created in collaboration with students of the IES Moisès Broggi secondary school within the frame of the EN RESiDENCIA 2018 project; their first piece for children <strong>Jungla&nbsp;</strong>was created in 2018 (supported by Més Petit de tots Festival and Mercat de les Flors), following which they produced a dance film version of the performance titled <strong>Un día en la Jungla</strong> directed by Laura Rubirola in 2020. <strong>Si estuviéramos solas en el Universo, sería una gran pérdida de espacio,&nbsp;</strong>is their last creation co-produced by Mercat de les Flors and presented in April 2019 within the frame of Big Bouncers Constellation. Currently, they are in the process of creating a new performance <strong>PLATA.</strong><br>Since the beginning, the collective has been combining creation with pedagogy, teaching composition and creation and offering workshops for families.</p>



<p>She is currently also a member of the&nbsp;<a rel="noreferrer noopener" href="https://www.grouplabolsa.com/" target="_blank"><strong>Group La Bolsa</strong></a>&nbsp;(with Iris Heitzinger, Anna Rubirola, Mireia de Querol, Natalia Jimenez, Federica Porello and Xavi Moreno), with which they created&nbsp;<strong>The Measure of Disorder</strong>, directed by Thomas Hauert, premiered at the Grec Festival, Barcelona, in 2015 and performed at the Charleroi Danses Biennial, Belgium. In 2021 they premiered their second piece,&nbsp;<strong>Errant Portraits, </strong>in close collaboration with Mal Pelo company and supported by Mercat de les Flors.</p>



<p>Since 2018 she has been collaborating with Joan Català in his project&nbsp;<strong>5.100 m/s, </strong>premiered<strong> </strong>in 2020-2021. She was nominated as the best female dancer at the <em><strong>Performing Arts Critics Awards</strong></em> 2021.</p>



<p>As an independent artist, she collaborated with other creators: since 2018 with João Lima in pieces&nbsp;<a href="https://ceciliacolacrai.com/eng/azul-como-uma-laranja/" data-type="URL" data-id="https://ceciliacolacrai.com/azul-como-uma-laranja/"><strong>Azul como uma laranja</strong></a>&nbsp;and <strong>Morder la lengua</strong>among other performance and pedagogical projects; since 2019 with the Si Los Martes Fueran Viernes collective in their projects <strong>Enemigos Íntimos and</strong> <strong>Casa Nostra</strong>, among other projects; in 2022 she started collaborating with Lucas Condró; with dancer Martín Piliponsky and musician Matías Mahmud in an instant composition proposal&nbsp;<strong>Espacio latente</strong>; with Jorge Albuerne from 2006 till 2016, in dance-circus pieces&nbsp;<a href="https://ceciliacolacrai.com/eng/ultimo-el-baile/" data-type="URL" data-id="https://ceciliacolacrai.com/ultimo-el-baile/"><strong>Last, the dance</strong></a>&nbsp;and&nbsp;<a href="https://ceciliacolacrai.com/eng/gira/" data-type="URL" data-id="https://ceciliacolacrai.com/gira/"><strong>Gira</strong>&nbsp;</a>(with which they won the&nbsp;<em>“section decouverte</em>award at the Festival de Rue de Ramonville ’06); since 2009 she has been collaborating with the Finmatun Cultural Association, focusing on artistic activity as a tool for social work and transformation, currently she is part of the <strong>Festival Mit’s</strong> organised by this association.</p>



<p>As a solo artist, her first work&nbsp;<a href="https://ceciliacolacrai.com/eng/sola/" data-type="URL" data-id="https://ceciliacolacrai.com/sola/"><strong>Alone?</strong></a>&nbsp;was premiered in 2005 and performed at several festivals in Spain, France, Italy, Cuba, Mexico and Argentina. Her second solo work&nbsp;<a href="https://ceciliacolacrai.com/eng/la-incorruptible-belleza-de-la-distancia/" data-type="URL" data-id="https://ceciliacolacrai.com/la-incorruptible-belleza-de-la-distancia/"><strong>The incorruptible beauty of distance</strong></a>, December 2011, was created in collaboration with companies loscorderos and Nats Nus. In 2013 and 2014 she worked between Mexico, Argentina and Barcelona, teaching workshops and presenting her work at different venues and festivals. In 2022 she premiered her third solo creation, <a href="https://ceciliacolacrai.com/eng/rave/" target="_blank" rel="noreferrer noopener"><strong>R.A.V.E. (Revolutionary Agglomeration for Voluntary Extermination)</strong>, </a>co-produced by Mercat de les Flors. </p>



<p>She collaborated with different directors and projects such as: <a href="https://www.teatrelliure.com/es/katharsis-presencia-i-alteritat" target="_blank" rel="noreferrer noopener">Ciclo Katharsis – Presencia y Alteridad</a>directed by Martina Tosticarelli, Teatre Lliure (2021); Quim Bigas in <strong>La Llista</strong> (2021), Emmanuel Grivet (Francia) in his performances <strong>Le Cube</strong> (2009-2012) and <strong>Faces</strong> (2012); Toni Mira and the Finmatun Association in dance film projects in prisons (2009-2012); with the Nats Nus company in performance <strong>Brins</strong> and different events such as <strong>Transforma-t</strong> (inaugural performance of the Fira Tárrega 2013 Festival) and <strong>100 años de La Pedrera</strong> (2012) among others; with the choreographer Sebastián García Ferro in <strong>Orquestra’t</strong> at Auditori de la Música de Barcelona (2012); with Montse Colomé at different events such as the “Premios Ciutat de Barcelona'' award ceremony (2012), Festes de la Mercé (2010), also, with her and with Santi San Pere in the <strong>L’enigma</strong> Project T6 by the Teatro Nacional de Catalunya (2010); with Grupo República Cênica (Brasil) in performance <strong>Post it</strong> (2009). She was a member of the Lapsus company directed by Alexis Eupierre in productions <strong>Vitrinas II and Vitrinas III</strong> (2007-2008); she worked with Gabriela Solini as a performer and assistant choreographer (2004-2005), they were awarded at the Madrid Choreographic Competition 2004 for their piece <strong>Háblame</strong> and performed at the Channel Sur Festival (Latino American Dance in New York) in 2005; she performed in <strong>The Wayne Brothers</strong> piece by Donna Uchizono (2000), among others.</p>



<p>As movement assistant she collaborated with: João Lima in<strong>&nbsp;O outro do outro</strong>&nbsp;(2010) and <strong>Cavalo do Cao</strong> (2021), Cia La Súbita in <strong>Silver Ballad</strong> (2021), Producciones Viridiana in&nbsp;<strong>Cuando no me llueve encima me llueve dentro</strong>&nbsp;directed by Jesús Arbués (2010), Enfila’t in <strong>Plecs</strong>&nbsp;(2010), among others.</p>



<p>She co-directed companies such as <strong>Lila Parra</strong> (2006–2008) and <strong>Viento Sur</strong> (with which she was twice awarded the 2nd prize at the Madrid Choreographic Competition – 2002 and 2003).</p>



<p>She has been teaching contemporary dance, improvisation and choreographic composition classes since 1997 in Argentina and since 2002 in Barcelona and other cities in Europe and Latin America.<br>Currently, she is a member of the teaching teams at the <strong>Institut del Teatre de Barcelona</strong>, <strong>AREA</strong>, <strong>Moveo</strong> and in 2022 collaborates with <strong>Manufacture</strong>.<br>Since 2009 she has been part of the <strong>Sudansa </strong>project (dance in schools), and in 2017 and 2018 she was part of the <strong>Tot Dansa </strong>project (dance and creation project in secondary schools).</p>



<p>Between 2011 and 2017 she was part of the board of directors of the <strong>Asociación de Profesionales de la Danza de Cataluña</strong> which awarded her with the <strong><em>Honorary Award</em></strong> in 2020 as a recognition of her work during her years in the board of directors.
She was an associated artist of <strong>La Caldera centre for creation</strong> and <strong>La Visiva space for movement.</strong>.</p>

<p>Cecilia Colacrai&nbsp; (Argentina, 1979) Bailarina, coreógrafa y docente de danza. Desde el año 1996 se interesa en profundizar en diferentes aspectos de la danza contemporánea, la improvisación, la composición, la coreografía y disciplinas relacionadas con el movimiento y las artes escénicas. En Rosario (Argentina) se titula como maestra de danza clásica en la Escuela Provincial &hellip; </p>
<p class="link-more"><a href="https://ceciliacolacrai.com/eng/bio/" class="more-link">Continue reading<span class="screen-reader-text"> «bio»</span></a></p>
